3 - 3*n**2 - 653*n - 2551. Give f(-4).
1613
Let m(v) = 15*v + 633. Calculate m(-76).
-507
Let m(d) = d**2 + 135*d + 7421. What is m(-99)?
3857
Let w(z) = -269*z**2 - 22343*z - 1338. Give w(-83).
-10
Let v(d) = -117*d**2 - 23623*d + 2230. Give v(-202).
8
Let c(q) = -47*q - 239. What is c(-31)?
1218
Let c(x) = 1147*x - 13860. Calculate c(12).
-96
Let u(c) = -573*c + 42434. What is u(74)?
32
Let j(c) = -2039*c + 76476. Determine j(38).
-1006
Let n(b) = 124091*b - 2233672. Determine n(18).
-34
Let m(d) = d**2 + 632*d + 29104. What is m(-50)?
4
Let j(d) = -d**2 + 68*d - 1258. Give j(33).
-103
Let a(n) = 14515*n - 7939707. What is a(547)?
-2
Let g(w) = -79482*w + 317829. Determine g(4).
-99
Let v(m) = -5642*m**2 - 914003*m + 172. Give v(-162).
10
Let h(i) = -41*i**2 - 927*i - 139. Calculate h(-23).
-507
Let w(s) = -s**3 + 34*s**2 + 1641*s - 50642. Determine w(28).
10
Let n(b) = -35787*b - 143154. What is n(-4)?
-6
Let v(d) = 190378*d + 380629. Determine v(-2).
-127
Let c(o) = -7*o**2 + 33*o - 50. Give c(-11).
-1260
Let a(s) = 72*s + 1177. What is a(-20)?
-263
Let m(o) = -o**3 + 5*o**2 - 63*o - 1157. Calculate m(-13).
2704
Let u(i) = i**3 + 16*i**2 + 32*i - 18. Determine u(-15).
-273
Let k(y) = -4*y**2 - 665*y + 2348. Give k(-169).
489
Let j(d) = -57*d**3 + 60*d**2 - 85*d - 55. What is j(2)?
-441
Let k(a) = 25*a**2 - 207*a + 616. Determine k(3).
220
Let h(c) = c**3 - 11*c**2 + 576*c - 3267. Give h(6).
9
Let h(u) = 78588*u - 471545. Determine h(6).
-17
Let j(r) = r**3 + 159*r**2 + 1470*r - 2980. What is j(-149)?
0
Let r(a) = -a**3 + 5*a**2 + 1149*a - 11064. Determine r(10).
-74
Let i(b) = -b**3 - 44*b**2 - 25*b - 6798. Calculate i(-47).
1004
Let y(f) = f**3 - 33*f**2 - 24*f + 1989. Determine y(32).
197
Let i(o) = 6*o**2 - 24*o - 450. What is i(-9)?
252
Let x(p) = -3660*p + 186481. What is x(51)?
-179
Let f(t) = t**3 + 170*t**2 - 329*t + 2534. Give f(-172).
-46
Let d(u) = u**3 + 185*u**2 + 1054*u - 3602. What is d(-179)?
-22
Let a(v) = -2*v**3 + 101*v**2 + 1026*v - 1257. What is a(59)?
100
Let f(n) = -2*n**3 - 77*n**2 - 702*n + 161. Give f(-23).
-92
Let w(j) = -4*j**3 + 148*j**2 - 434*j + 72. Give w(3).
-6
Let r(v) = -v**3 + 854*v**2 - 2553*v - 17. What is r(3)?
-17
Let m(b) = -34*b + 3794. What is m(131)?
-660
Let y(r) = 8*r**2 - 129*r + 191. What is y(15)?
56
Let m(w) = w**3 + 484*w**2 - 5419*w - 251. What is m(11)?
35
Let b(m) = -5809*m - 2294551. Calculate b(-395).
4
Let q(h) = 3*h**3 - 1164*h**2 - 34947*h + 1225. Determine q(416).
-23
Let v(b) = 4*b**3 - 171*b**2 + 121*b - 59. Give v(42).
-269
Let n(r) = 82415*r + 494487. Calculate n(-6).
-3
Let z(v) = 615*v**2 - 3075*v + 10. Determine z(5).
10
Let d(m) = -73*m + 19216. Calculate d(263).
17
Let w(m) = -2*m**3 + 447*m**2 + 217*m - 1448. Give w(224).
-3016
Let z(x) = 2769*x - 49808. Give z(18).
34
Let m(i) = 494*i**2 - 23*i - 4. Give m(1).
467
Let t(q) = -9*q**2 + 275*q - 87. Determine t(30).
63
Let l(g) = 367*g - 53937. What is l(147)?
12
Let y(v) = -v**3 - 1216*v**2 - 49303*v + 220. Give y(-42).
10
Let y(x) = -52*x**3 + 416*x**2 - 63*x + 527. Determine y(8).
23
Let m(i) = i**2 - 169021*i + 1014125. Give m(6).
35
Let j(m) = m**2 + 22305*m - 89233. What is j(4)?
3
Let q(x) = 2006*x**3 - 4*x**2 + 93*x + 90. Calculate q(-1).
-2013
Let p(d) = d**3 - 10*d**2 - 703*d + 7577. Determine p(11).
-35
Let p(t) = t**3 + 22*t**2 - 578*t - 2615. Give p(-4).
-15
Let z(o) = -1009*o - 41160. Determine z(-41).
209
Let c(l) = 1898*l**3 - 51*l**2 + 86*l - 34. What is c(1)?
1899
Let z(o) = -o**3 - 233*o**2 + 2498*o + 16501. What is z(-243)?
-23
Let w(a) = -205*a + 4316. What is w(17)?
831
Let z(a) = -2*a**3 + 48*a**2 + 295*a - 1906. What is z(28)?
82
Let c(n) = -n**2 + 4858*n - 349297. Determine c(73).
8
Let q(w) = w**3 - 1487*w**2 + 10537*w - 1256. Determine q(7).
-17
Let h(c) = c**2 - 77*c + 1450. What is h(22)?
240
Let t(b) = -2*b**3 + 93*b**2 + 46*b - 452. Give t(47).
-499
Let w(m) = m**3 + 90*m**2 - 93*m - 8630. Calculate w(-90).
-260
Let o(a) = 35*a**2 + 77*a + 311. Give o(-5).
801
Let d(x) = -3784*x - 34805. Calculate d(-9).
-749
Let f(b) = -b**3 + 52*b**2 + 4347*b - 11791. What is f(96)?
17
Let g(t) = t**3 - 160*t**2 - 2235*t + 359. What is g(173)?
2781
Let k(p) = -407*p - 1485. Determine k(-5).
550
Let l(p) = 2*p**3 + 156*p**2 + 2989*p - 101. Give l(-34).
1
Let c(h) = 3*h**2 - 153*h + 1641. What is c(36)?
21
Let b(a) = 42*a**2 + 354*a + 479. Determine b(-5).
-241
Let j(n) = -59*n**3 - 288*n**2 + 65*n + 155. Calculate j(-5).
5
Let x(k) = 3*k**3 + 59*k**2 - 184*k - 3463. Calculate x(-20).
-183
Let v(b) = -38*b**3 + 585*b**2 - 39*b - 131. Give v(15).
2659
Let m(c) = -2*c**3 + 18*c**2 + 18*c + 767. What is m(12)?
119
Let i(v) = 13002*v - 125730. What is i(10)?
4290
Let t(x) = 45*x**2 + 2558*x + 17294. Give t(-49).
-3
Let z(l) = l**3 + 24*l**2 + 23*l - 122. Give z(-3).
-2
Let b(k) = 76*k**2 - 7826*k - 276. Give b(103).
-70
Let l(g) = g**2 - 84*g - 24496. Calculate l(-120).
-16
Let h(u) = 4*u**3 + u**2 + 437*u + 2962. Determine h(-7).
-1420
Let i(u) = u**3 - 26*u**2 + 242*u - 3415. What is i(22)?
-27
Let c(k) = k**3 + 6*k**2 - 81*k - 437. Determine c(-5).
-7
Let d(g) = -15*g**3 + 169*g**2 + 107*g + 311. Give d(12).
11
Let a(r) = -24*r**2 - 1319*r - 6482. Calculate a(-49).
525
Let l(k) = 2*k**3 - 48*k**2 - 114*k + 2955. Determine l(23).
-725
Let p(h) = h**3 + 49*h**2 + 238*h - 412. Give p(-44).
-1204
Let v(c) = -10224*c - 29012. Calculate v(-3).
1660
Let d(c) = 2*c**3 - 86*c**2 + 3450*c - 134733. Calculate d(41).
-7
Let j(y) = y**3 + 156*y**2 + 364*y + 8716. Calculate j(-154).
92
Let x(m) = 515134*m + 6181617. Calculate x(-12).
9
Let q(d) = 2496*d + 14799. Determine q(-6).
-177
Let t(j) = j**3 - 8*j**2 + 12*j + 59. Give t(-10).
-1861
Let k(c) = 1608*c - 426130. Give k(265).
-10
Let d(b) = -4677*b + 121605. Give d(26).
3
Let x(h) = -10912836*h + 87302696. What is x(8)?
8
Let m(z) = -3*z**3 - 7*z**2 - 82*z - 428. Give m(-6).
460
Let h(c) = -65*c + 593. What is h(38)?
-1877
Let q(m) = 2*m**3 + 9*m**2 + 7*m + 17. Calculate q(-6).
-133
Let t(m) = m**2 + 489*m - 84935. Calculate t(135).
-695
Let y(b) = 7*b**2 + 555*b + 10515. Give y(-48).
3
Let u(m) = -7*m**3 + 6309*m**2 - 1802*m - 24. What is u(901)?
-24
Let j(p) = 376*p**2 - 1697*p + 789. Determine j(4).
17
Let o(p) = -p**2 - 184*p + 16940. Give o(67).
123
Let y(g) = 14*g**2 - 2694*g + 97648. Calculate y(144).
16
Let d(g) = 1110*g - 21029. Calculate d(18).
-1049
Let j(m) = -m**3 - 5*m**2 + 29*m - 983. Determine j(-13).
-8
Let s(h) = 16*h**2 + 3844*h - 30643. Give s(8).
1133
Let b(q) = 2*q**3 - 44*q**2 - 25*q + 30. Determine b(23).
513
Let q(d) = -1707*d - 18769. Give q(-11).
8
Let q(u) = -3*u**3 - 142*u**2 - 772*u - 151. What is q(-6)?
17
Let h(i) = 11*i - 128. Give h(1).
-117
Let p(w) = 2*w**3 + 430*w**2 - 451*w - 4103. Calculate p(-216).
1
Let j(a) = 2*a**3 + 77*a**2 + 220*a + 134. Give j(-35).
1009
Let t(s) = 3*s**2 + 1711*s + 101155. What is t(-67)?
-15
Let s(i) = -1383*i - 131348. Calculate s(-95).
37
Let q(v) = 2816*v - 199922. Give q(71).
14
Let f(i) = -i**3 - 587*i**2 + 17868*i + 2466. Calculate f(-616).
2
Let u(t) = -157*t**2 - 11298*t + 201. Give u(-72).
-231
Let y(x) = -411974*x - 19362774. Give y(-47).
4
Let h(r) = r**2 + 2789*r + 74578. What is h(-27)?
4
Let l(r) = -571159*r + 3998149. Calculate l(7).
36
Let u(d) = -2*d**2 - 5108*d + 265702. What is u(51)?
-8
Let t(q) = 3*q**3 - 1049*q**2 - 5700*q + 7101. Determine t(355).
1
Let a(x) = -x**2 + 82*x + 8679. Give a(-61).
-44
Let v(a) = -a**3 + 32*a**2 - 402*a + 2360. Give v(16).
24
Let s(w) = 8*w**2 + 842*w - 1704. Give s(2).
12
Let u(x) = 58340*x - 1691845. Give u(29).
15
Let s(m) = -m**3 + 83864*m**2 + 754858*m + 5. Calculate s(-9).
-4
Let o(b) = 49*b + 3193. What is o(-59)?
302
Let j(y) = y**2 - 2486*y + 365607. Give j(157).
-46
Let f(n) = -2*n**3 - 28*n**2 + 27*n + 381. What is f(-14)?
3
Let z(a) = a**3 - 50*a**2 - 2299*a + 324. Calculate z(79).
-308
Let z(c) = 3*c**2 - 77*c - 284. Give z(29).
6
Let j(n) = -n**3 - 258*n**2 + 9608*n - 168. What is j(33)?
-3
Let k(c) = c**3 - 24*c**2 + 146*c - 14. Determine k(13).
25
Let a(j) = 12*j - 422. What is a(23)?
-146
Let l(p) = -89*p**2 - 125*p - 480. Calculate l(-4).
-1404
Let n(i) = 4406*i - 30578. What is n(7)?
264
Let i(m) = 168*m**3 + 10*m**2 - 12*m - 31. D